, -p + 25 = 5*a. Let g(l) = l**2 - 3*l + 1. Give g(p).
11
Let f(p) = -p - 25. Let k(a) = -4*a - 129. Let n(c) = 11*f(c) - 2*k(c). What is n(-7)?
4
Let r(c) = 20*c**3 - 33*c**3 + c + 2 + 14*c**3. Calculate r(-2).
-8
Suppose 0 = -4*r + 3*n + 6 + 26, -2*r = 5*n + 10. Suppose 8*m - 3*m = r. Let k(f) be the second derivative of f**3/6 - f**2/2 - 23*f + 1. Calculate k(m).
0
Let g(v) = 2*v - 3. Let k be g(2). Let q(c) be the second derivative of 3*c**4/4 - 8*c - 61. What is q(k)?
9
Let t(w) = w**3 - 5*w**2 + 3*w - 1. Let p = -56 + 53. Let a = p + 7. What is t(a)?
-5
Let n(h) be the second derivative of -h**5/10 - h**4/6 + h**3/3 - h**2/2 - h. Let p be ((-4)/10)/(13/(-130)). Suppose -8 = -p*r - 4. Determine n(r).
-3
Suppose 2 = f - 4*t + 15, 3*t = 3*f + 3. Let u(n) = 3*n + 4. What is u(f)?
13
Let m = -9 + 3. Let u = m - -10. Let a(v) = -v + u*v - 2*v - 8*v**2. Give a(-1).
-9
Let r(c) = 3*c**2 + 3*c**2 - c - 4*c**2 - 3*c**2. Let d(o) = o**3 - 6*o**2 - 3*o - 3. Let l(v) = -d(v) + 3*r(v). What is l(3)?
3
Let a(q) be the third derivative of -q**6/120 - q**5/5 - 5*q**4/12 + q**3/2 + 2*q**2 - 121*q. Give a(-11).
-8
Suppose -12*j = -7*j - 30. Let a(d) = -5*d - 6. Let u(z) = -3*z - 3. Let b(y) = j*a(y) - 11*u(y). Let h be b(2). Let f(x) = -3*x - 1. Give f(h).
-10
Suppose 0 = -10*d + 7*d + 18. Suppose 0 = -d*c + 41 - 11. Let z(n) = -n**2 + 5*n + 5. Calculate z(c).
5
Let u(l) = -5*l + 1. Let a(k) be the third derivative of 11*k**4/24 - k**3/3 - 3*k**2. Let v(y) = 4*a(y) + 9*u(y). What is v(0)?
1
Let o(f) = -f**3 - 23*f**2 - 21*f + 9. Let l be o(-22). Let x(t) = -4*t - 28. What is x(l)?
24
Let i(o) = 10*o + 3. Let g(y) = 2*y + 5. Let p(v) = 6*g(v) - i(v). What is p(-12)?
3
Let t(b) = 15*b + 2. Suppose -3*h + 2*h = -29. Let a = 16 - h. Let m(v) = 7*v + 1. Let n(w) = a*m(w) + 6*t(w). Determine n(3).
-4
Let z(a) = 78*a**2 - 8*a - a**3 + 5 - 225*a**2 + 71*a**2 + 82*a**2. What is z(4)?
5
Suppose -r - 6 = r. Let w(a) = -2*a**3 - 3*a**2 - 4*a + 3. Let v(h) = -3*h**3 - 6*h**2 - 7*h + 5. Let q(z) = r*v(z) + 5*w(z). Determine q(3).
3
Suppose 3*c + 10 = -t - c, c = -4*t + 5. Suppose 0 = -t*b + b. Let f(n) = 13*n**3 + 4*n + 0 - 12*n**3 - 4*n**2 + b. Calculate f(3).
3
Let y(d) = -2*d + 2. Suppose 0 = -4*a + 57*f - 53*f - 12, 5*a + 5*f + 45 = 0. Calculate y(a).
14
Let o = 11 - 10. Let w(t) = -o + 2*t - 11*t**2 + 2 - 2. Let j be 1/(-2)*2*-1. Give w(j).
-10
Let u(i) be the first derivative of -i**3/6 + 5*i**2 + 13*i - 18. Let v(h) be the first derivative of u(h). What is v(7)?
3
Let l(u) = -u**3 + 2*u**2 + 5*u - 1. Suppose 50*x - 39*x = 44. Calculate l(x).
-13
Suppose d = 6*d. Suppose d = 2*c + 2*c. Let v(w) = w**2 - 7 + 3*w - 6*w + 2*w. Calculate v(c).
-7
Suppose -5 = -u - 2*d, 4*u + 25 = -0*d + d. Let t = -1 - u. Suppose -o = -t*o - 15. Let v(z) = z + 5. Calculate v(o).
0
Let y(p) = -6*p - 4. Suppose -3*x + 15 = 0, 7*i - 5*x = 5*i - 37. What is y(i)?
32
Let c(g) = -g**2 - g + 4. Suppose -93 = 23*q + 8*q. Determine c(q).
-2
Suppose 16 = a + 2*g, 0*a - 42 = -4*a + 3*g. Let u(c) = -7*c + c**2 + a*c - 6*c. Let j be (2 - 1)/((-6)/(-18)). Give u(j).
6
Let b(h) = 7*h - 11. Let u be b(4). Let w(g) = u*g + 12*g - 28*g - 8. Give w(6).
-2
Let b(r) = -26*r + 9*r + 10*r - 1 + 2*r**2 + 11*r. What is b(-3)?
5
Let t(g) = g**2 - 50*g - 168. Let q be t(53). Let j(f) = -f - 11. Let u(h) = h + 11. Let m(n) = -3*j(n) - 4*u(n). Calculate m(q).
-2
Let k(g) be the first derivative of -5 - 6*g - 1/2*g**2. Calculate k(-4).
-2
Let p(t) = -188 + 6*t - 8*t + 2*t**2 + 7*t**3 + 189. Determine p(1).
8
Let b be -4*((-5)/(-15))/(1/3). Let a(c) = -c**2 - 7*c - 5. Let m(i) = 5*i**2 + 36*i + 25. Let f(j) = 11*a(j) + 2*m(j). Calculate f(b).
-1
Let l(v) = -12*v**2 + 2*v + 1. Let j(y) = -y + 2. Let u be j(2). Let a = 2078 - 2076. Suppose -6*k + r = -2*k + 2, u = 3*k - a*r - 1. What is l(k)?
-13
Suppose n - 5*n + 2*d = -138, 0 = 2*n - 5*d - 89. Suppose -4*h + 5*a - n = 0, 3*h + 2*a = 1 - 2. Let y(k) = -k**3 - 4*k**2 - 4*k - 4. Determine y(h).
-1
Let l(t) = -t**2 - 6*t + 5. Suppose 2*f = 5*a - 50, 4*f = 5*a + 8*f - 50. Let v = 14 - a. Suppose -v*n - 30 = n. Calculate l(n).
5
Let q be 7 + (-15)/(-3) + -2. Suppose 4*f - 6 - q = 0. Let h(d) = 3*d**3 + 0 - 2*d**3 + d - f*d**2 - 4. Determine h(3).
-10
Let t(a) = -a**3 - 2*a**2 - 2*a - 1. Suppose 0*r + 11 = -c + 4*r, 5*c + 10 = 5*r. Suppose 0 = -f - 1 - c. Let k be (1 - f)*(-1)/3. Determine t(k).
0
Let h(m) = -2*m**2 - 7*m - 5. Let s = -12 - 6. Let y = -22 - s. Give h(y).
-9
Let c(m) = 2 - 4*m**3 - 177*m**2 + 3*m**3 + 5*m + 183*m**2. Give c(6).
32
Let x(j) be the first derivative of -j**3/3 - 13*j**2/2 + 18*j + 176. What is x(-13)?
18
Let w(p) = -31 + 23 + 8 + 11*p. Calculate w(1).
11
Let g(f) = -4*f**2 + 4*f - 11. Let s(n) = 5*n**2 - 4*n + 12. Let w(p) = 6*g(p) + 5*s(p). Let a = -3 + 5. Suppose -3*m = -a*m + 6. Calculate w(m).
6
Let m(c) = -15*c**2 + c + 1. Let a(f) = 16*f**2 - 2*f - 1. Let z(t) = -2*a(t) - 3*m(t). What is z(1)?
13
Let g(z) = 6*z**3 + 5*z**2 - 11*z - 11. Let p(t) = t**3 + t**2 - t - 1. Let h(a) = -g(a) + 5*p(a). Calculate h(-4).
46
Let y(h) = -h**2 - 11*h - 14. Suppose 8*w + 13*w = -210. What is y(w)?
-4
Let b = 62 - 55. Let s(q) = 19 + 7*q - 5 - q**2 - b. Calculate s(7).
7
Let h(m) = -54 + 15 + 6*m + 23 + 30. Determine h(-8).
-34
Let s be 0/(-2)*((-1)/2)/(-1). Let x(r) be the second derivative of r**6/360 - r**4/4 - r**3/3 - 2*r. Let i(q) be the second derivative of x(q). What is i(s)?
-6
Suppose 30 = 174*j - 168*j. Let a(v) = -6*v - 4. Determine a(j).
-34
Suppose 0 = 4*r + 1 + 7. Let v be 1/(r + 5/2). Let j(p) = 1 - p**v - p**2 + 3*p**2 + p. Give j(-1).
1
Suppose -2*v + 4 = -0*v. Let t be 2 + (-2)/(-1) - v. Let p(k) = -44*k - 4 + t + 43*k. Give p(0).
-2
Suppose -8*m + 276 = 4*m. Let u(o) = -o**2 + 24*o - 25. Give u(m).
-2
Let m(i) = -i**2 + 2*i - 3. Suppose 20*d = d + 95. Determine m(d).
-18
Let g(x) = -x**2 - 8*x - 8. Suppose 13*z = 17*z. Suppose -r = 2*b - 1 + 13, z = 4*r. Determine g(b).
4
Let s(b) = b**2 + 8*b. Let q be s(-8). Suppose 0*g - 5*g = q. Let f = 6 - g. Let z(x) = x**2 - 8*x + 8. Calculate z(f).
-4
Let w(p) = -4*p + 7. Let m be ((-6)/18)/(212/(-72) - -3). Give w(m).
31
Let a = -173 - -199. Let i(x) = 8*x + 19*x - a*x. Suppose 0*y - 16 = -4*y. Determine i(y).
4
Let q = 16 - 20. Let o(z) = 6*z + 9 - 6 + 3*z**2 - 2*z**2. Give o(q).
-5
Let a(n) = 9 + 32*n**3 - 3*n**2 - 33*n**3 - 2*n + 3*n + 2*n. What is a(-2)?
-1
Let t(z) be the second derivative of z**4/12 - 2*z**3/3 + z**2 - 2*z + 1. Give t(5).
7
Let j(z) = -4*z**2 + z - 1. Let y(u) = 11*u**2 - 4*u + 4. Let w(v) = 8*j(v) + 3*y(v). Let x be (11 - 9) + (1 - 0). Determine w(x).
1
Let h = -4 + 5. Let z = -1 + h. Let w(f) = 4*f - 10*f + 5*f - 6. Give w(z).
-6
Let j(b) = b - 4. Let l = -839 - -844. Determine j(l).
1
Let g(a) = a**2 - 3*a - 5. Let s = 22 - 20. Let y(i) = i**2 + i - 2. Let z be y(s). What is g(z)?
-1
Let j = 28 - 17. Let x = -20 + j. Let o(c) = -c**3 - 8*c**2 + 8*c - 6. Calculate o(x).
3
Let o(x) = x**3 - 7*x**2 - 4*x + 1. Let w(a) = 3*a**3 - 20*a**2 - 13*a + 2. Let t(j) = -8*o(j) + 3*w(j). Let k = 54 - 49. Determine t(k).
-12
Let i(l) be the second derivative of -l**5/20 + 5*l**4/12 - 4*l**3/3 + l**2 - 18*l. Give i(3).
-4
Let c(i) be the third derivative of -i**6/120 - i**5/20 - i**4/24 - 9*i**2. Let v(q) = -q - 6. Let m be v(-5). Give c(m).
-1
Let j(u) = u**2 + 13*u - 18. Let v be j(-14). Let z(w) = -8 + 5 + 2*w + 6 + 3. Give z(v).
-2
Let s(t) be the third derivative of -t**4/12 + 8*t**3/3 + 123*t**2. Give s(5).
6
Let f be ((-36)/16)/(15/40)*1. Let c(q) = q**2 + 5*q - 5. Determine c(f).
1
Suppose -a + 0 + 6 = 0. Let h(m) = 8*m - 13. Let f(x) be the second derivative of -3*x**3/2 + 7*x**2 + 3*x. Let z(q) = a*h(q) + 5*f(q). Give z(6).
10
Let u(k) = -k**2 - 4*k + 1. Let j be 0/(-1 + 6 + 8 + -12). Give u(j).
1
Suppose 19 + 3 = -4*z + 2*p, -3*z = -2*p + 18. Let b(n) = n**2 + 2*n - 3. Calculate b(z).
5
Let z(d) = 4*d + 4*d - 9*d. Let o(r) = r**3 + 5*r**2 + 1. Let l(i) = -o(i) - 6*z(i). Let k(t) = t**2 - 7*t + 6. Let x be k(4). Calculate l(x).
-1
Let k = -5 - -1. Let c(t) be the second derivative of t**3/6 + t**2/2 + 72*t. Determine c(k).
-3
Let k(m) = 8*m**3 + 7*m**2 + 10*m + 16. Let o be k(7). Let h(r) = 10*r**2 - o + r - 3*r + 3174. Determine h(1).
9
Suppose 3*g + 12 = -g. Let l